 + 24, 4*m - z - 32 = 5*w. Suppose -u - 536 = -5*u. What is the remainder when u is divided by m?
15
Let m(k) = k**3 + 6*k**2 + 21*k + 85. Calculate the remainder when 34 is divided by m(-5).
4
Suppose -3*o = 2*o - 275. Let v = 58 - o. Suppose 5*u - 294 = -3*j, j = -0*j - v*u + 98. Calculate the remainder when j is divided by 33.
32
Suppose -6*m + 7*m - 6 = 0. Let r(p) = p**3 - 14*p**2 - 30*p - 15. Suppose -116 = -8*b + 12. Calculate the remainder when r(b) is divided by m.
5
Let b(l) be the first derivative of -7*l**2/2 + 57*l + 14. What is the remainder when b(-13) is divided by 25?
23
Suppose -2*w + 2*b + 8 + 18 = 0, 2*w = 5*b + 2. Calculate the remainder when 1195 is divided by w.
19
Let m = -1064 - -1899. Calculate the remainder when m is divided by 208.
3
Let k = -2311 + 5417. Calculate the remainder when k is divided by 42.
40
Let s = -379 - -394. Suppose 0 = -3*f - g + 304, 0 = 2*f + 3*g - 8*g - 214. What is the remainder when f is divided by s?
12
Let c(y) = -18*y - 54. Let f be c(-3). Suppose f = -7*v + 56. What is the remainder when v is divided by 6?
2
Let f(o) = -2*o + 8. Let k(b) = -b**3 + 18*b**2 + 3*b + 32. Let i be k(18). Let u = -51 + i. Calculate the remainder when u is divided by f(-5).
17
Suppose 149*s - 76*s = 87*s - 4536. Calculate the remainder when s is divided by 46.
2
Calculate the remainder when 1017 is divided by (-2)/46 - 788756/(-6739).
81
Let j = -624 + 895. Suppose 5*c = -56 + j. Let r = 91 - c. Calculate the remainder when r is divided by 10.
8
Let s(z) = z**2 + z - 9. Let f be s(-6). Suppose v = 4*v - f. Let u(b) = b**2 - 6*b - 15. What is the remainder when u(9) is divided by v?
5
Let p(v) = 5 - 2*v - 17 - 22 - 2*v. Suppose 7425 = -9*l + 7317. What is the remainder when 40 is divided by p(l)?
12
Let j(i) = -2*i**2 - 15*i - 19. Let q = 10 + -6. Suppose q*h - 223 = -67. Calculate the remainder when h is divided by j(-5).
3
Let b(y) = 61*y - 7. Suppose 0 = 3*g - g + 10. Let f(s) = -92*s + 11. Let v(t) = g*f(t) - 8*b(t). What is the remainder when v(-1) is divided by 5?
4
Let v = -520 - -172. Let y = -337 - v. Suppose -4*z + 268 = -0*z - 4*h, -3*z - 3*h = -189. Calculate the remainder when z is divided by y.
10
Suppose 9*s = 5*s + 48. Let p(z) = -5*z + 19 + 21*z - 64. What is the remainder when p(s) is divided by 37?
36
Let l(s) = 22*s - 106. Suppose -79*y + 84*y = 35. Calculate the remainder when l(y) is divided by 7.
6
Let u(w) = 4*w**2 + 3*w - 15. Suppose -2*r = -4*y + 10, -10*y = -7*y - r - 8. Calculate the remainder when 61 is divided by u(y).
1
Suppose -339 = -35*z + 326. Calculate the remainder when -1*(-3 + (-37 - -3)) is divided by z.
18
Let t(c) = c**3 + 9*c**2 + c + 1. Let m = 66 - 46. Suppose -m = -5*p - 0*p, 2*p - 34 = -o. What is the remainder when t(-6) is divided by o?
25
Let v(z) = -629*z - 13121. What is the remainder when v(-21) is divided by 26*1*1 - 2?
16
Suppose 0 = -3*g + g + 2*n - 90, -5*n - 162 = 4*g. Calculate the remainder when -4 - (g - -1)/(3/30) is divided by 60.
56
Suppose 12*s + 369 = 13*s. Suppose s = -4*r + 425. What is the remainder when 21 is divided by r?
7
Suppose 4*p = -4*y - 9 + 89, -y = -3*p - 32. Let q(j) = -31*j**2 + 237*j - 5. What is the remainder when q(7) is divided by y?
20
Calculate the remainder when 3*2/(-51) - (-757504)/2176 is divided by 20.
8
Let c = 6 + 9. Let j(a) = 26*a - 173. Calculate the remainder when j(c) is divided by 22.
19
Calculate the remainder when (12756/10 - 5) + (96/(-40))/4 is divided by 67.
64
Let d(x) = 3*x + 52. Let k be d(-15). Calculate the remainder when -4*(-14 - 0) + -2 is divided by (k/(140/(-225)))/(9/(-24)).
24
Suppose 0 = -4*k + 8, 0 = -4*b + 2*b + 5*k + 28. Let a be 1*2 + 25/(-10)*-2. What is the remainder when (-7267)/(-301) + (-1)/a is divided by b?
5
Suppose -5*z - 3*k + 42 = -2*z, -z + 22 = -k. Suppose 24223 + 5871 = -41*v. Let c = -647 - v. Calculate the remainder when c is divided by z.
15
Let m(j) be the third derivative of j**4/4 - 17*j**3/6 - 19*j**2. Calculate the remainder when m(11) is divided by (-6)/(-10) - (-610)/25.
24
Let z = -102 - -659. Calculate the remainder when z is divided by 13.
11
Suppose -3*k = -4*h - 14 - 12, -6 = 2*h + 2*k. Let s = 18316 - 18276. Calculate the remainder when s is divided by 14 + (h - (-5 + 3)).
7
Suppose -4*c = -23*z + 18*z + 40, 0 = 4*z + c - 32. What is the remainder when 673 is divided by z?
1
Let g = -20431 - -20521. What is the remainder when g is divided by 7?
6
Let u = 346 + 62. Suppose u = 2*l + 15*l. What is the remainder when 66 is divided by l?
18
Let h(w) = -w**2 - 1. Let s(u) = 10*u**2 + 2*u + 4. Let d(n) = 5*h(n) + s(n). Let a be d(3). Let r = a + -35. What is the remainder when 40 is divided by r?
10
Calculate the remainder when (8 + (-4568)/(-20))*((-50)/15)/(-2) is divided by 75.
19
Suppose 0 = -2*y + 3*j + 878, -133*j - 440 = -y - 132*j. What is the remainder when y is divided by 145?
7
Let k(v) = -v**2 - 11*v + 1602. Calculate the remainder when 459 is divided by k(33).
9
Let h = -14 + 16. Suppose -2*y - 2*m - 2*m + 48 = 0, 0 = h*m - 2. Calculate the remainder when 59 - (3 + -5 + 3) is divided by y.
14
Suppose -125*m + 1 = -126*m. What is the remainder when 28/(16/6 + -2) is divided by (-5)/m - (-19 - -12)?
6
Let p(c) = -5*c + 1. Let q(y) = 7*y - 2. Let o(m) = 3*p(m) + 2*q(m). What is the remainder when ((-186)/(-18))/(2/6) is divided by o(-9)?
7
Suppose 14*m - 59*m = -405. What is the remainder when (1 - 2) + 34/2 is divided by m?
7
Suppose -119 = 5*s - 487 - 92. Calculate the remainder when 643 is divided by s.
91
Let i = 928 - 766. Let u(v) = -v**3 - 14*v**2 + 19. What is the remainder when i is divided by u(-14)?
10
Suppose x + 1272*u - 123 = 1273*u, -2*x - 2*u + 214 = 0. What is the remainder when x is divided by 98?
17
Let p = 201 - 85. Let g = 257 + -217. Calculate the remainder when p is divided by g.
36
Let x be (-15587)/(-156) + (-1)/(-12). Let c = 287 - x. Calculate the remainder when c is divided by 5.
2
Suppose -4*i + 2*i - 2260 = -22*i. Calculate the remainder when i is divided by 24.
17
Let j = 50 + 24. Suppose -2*b = -3*r + j, 0*b = -4*r - 4*b + 72. What is the remainder when (12/15 + 0)/((-98)/(-5145)) is divided by r?
20
Let d = 1647 - 1451. What is the remainder when d is divided by 57?
25
What is the remainder when 13760/96*504/35 is divided by 47?
43
Suppose -4*v + 23 - 11 = 0, -l - v = -31. Calculate the remainder when 2*(-202)/4*-1 is divided by l.
17
Let y = -9446 + 9513. What is the remainder when 195 is divided by y?
61
What is the remainder when 1451 + (-3 - -23) + -36 is divided by 213?
157
Let w = -13342 + 13457. What is the remainder when 587 is divided by w?
12
Let z = -50521 - -50532. Calculate the remainder when z is divided by 140/21 + (-2)/(-6).
4
Let s be 2 + (142 - 5) + -1. Suppose -6*m = -4*m - 5*q + 163, 4*m - 4*q = -344. Let t = m + s. Calculate the remainder when 191 is divided by t.
44
Suppose -2*p - 3*s + 8392 = 0, -7002 = -3*p - 4*s + 5587. Calculate the remainder when p is divided by 1394.
17
Let v = 53 + 106. Calculate the remainder when 277 is divided by v.
118
Suppose -19 + 5 = 2*c. Let b(l) = 5*l + 39. Let i be b(c). Suppose o - 46 = 5*d + 19, i*d = -2*o + 172. Calculate the remainder when o is divided by 9.
8
Let d = 6530 - 5922. Calculate the remainder when d is divided by 86.
6
Let g = -5571 + 5605. What is the remainder when 93 is divided by g?
25
Let s = -2929 + 2973. Calculate the remainder when 217 is divided by s.
41
Suppose 4*z + 68 = 5*v, z + z + 40 = 3*v. Let a(r) = 6*r + 1. Calculate the remainder when a(v) is divided by 16.
9
Let x = 8071 + -7934. What is the remainder when 1361 is divided by x?
128
What is the remainder when 44 is divided by ((-1548)/54)/((-4)/6)?
1
Let f = 325 - 289. Suppose j + 7905 = 18*j. What is the remainder when j is divided by f?
33
Let u(q) = 312*q**2 + 33*q - 33. Let p(z) = 78*z**2 + 8*z - 8. Let h(r) = 18*p(r) - 4*u(r). What is the remainder when h(1) is divided by 43?
27
Suppose l + 4*r - 19 = 0, 0*l - 20 = -5*l + 5*r. Let a(d) = -1073*d - 39699. Calculate the remainder when l is divided by a(-37).
1
Let w(o) = 3*o**2 - 97*o - 907. Suppose -4*u + 3 = -13. Calculate the remainder when w(41) is divided by u.
3
Let v be ((-2)/6)/((-8)/72) + 1. Suppose -2*p - 351 = -2*y - p